+ 84. Let j be y(-6). Suppose -6 = 3*d + j, m + 4*d = 104. Calculate the greatest common divisor of 15 and m.
15
Suppose 1 = 5*o - 9. Suppose 2*v - 7 = -y - 4*y, -2*y = o. Let g be (27/v - 2)*42. Calculate the greatest common divisor of g and 15.
15
Let i be 2/6 + 0 + (-5)/(-3). Let g(r) = -274 + 139 + 134 - 14*r**3 - r**i. Let c be g(-1). What is the greatest common divisor of c and 36?
12
Suppose -71 = 4*n + 2*b - 117, -b - 31 = -4*n. Calculate the highest common factor of 381 and n.
3
Let f(c) = 69*c + 1638. Let l be f(-22). Calculate the highest common factor of l and 3144.
24
Suppose -16*n + 209 + 253 = -5*n. Suppose d - 4*v + 4 = -d, 8 = 4*d - 4*v. What is the greatest common divisor of d and n?
6
Suppose -7*h = -5*h + 60. Let q be 176/6 + h/(-45). What is the greatest common factor of q and 10?
10
Let f be (1*20)/(36/42)*10842/52. Calculate the highest common factor of 175 and f.
35
Let u = 6186 - 5888. What is the highest common divisor of u and 8?
2
Let a = -7671 + 7799. Calculate the greatest common divisor of 512 and a.
128
Suppose 4*u = 169 + 87. Suppose -4 = -6*q + 5*q. Suppose 0 = 4*c + j - 36, -q*j - 34 + 10 = -5*c. Calculate the highest common divisor of u and c.
8
Let q(b) = 23*b - 1. Let a be q(3). Let r(t) = 3. Let w(i) = 11*i + 92. Let o(p) = -r(p) + w(p). Let s be o(-5). What is the highest common divisor of a and s?
34
Let h = 16246 + -16192. Calculate the greatest common factor of h and 4626.
18
Let b = 3622 + 6388. What is the greatest common factor of 143 and b?
143
Let w(b) = b**3 - 3*b + 3. Let v be w(0). Suppose -2*q + v*q - 4 = 0. Let i be 170/8 + (-1)/q. What is the greatest common factor of 28 and i?
7
Let l = -18 - -132. Let j be -1 - 6 - 18592/(-224). Calculate the greatest common divisor of l and j.
38
Let z = -8461 + 8578. Calculate the greatest common factor of 1314 and z.
9
Suppose -31*d - 45*d + 120304 = -308. What is the highest common factor of 69 and d?
69
Let g(i) = 6*i + 14. Let v be g(7). Let y(t) = 8*t + 100. Let a be y(-9). Calculate the highest common divisor of a and v.
28
Let b(x) = x**2 - 5*x + 42. Let z be b(38). Let t be (18/27)/(4/z). What is the greatest common divisor of 8 and t?
8
Let s = 56 - 30. Let d be (1/(-2))/((-6)/156). Calculate the highest common factor of s and d.
13
Suppose 33*l - 29*l - 2828 = 4*z, 2127 = 3*l - z. Calculate the greatest common divisor of l and 284.
142
Let l(h) = -h**2 + 12. Suppose -4*x - 6 + 8 = -3*c, 2*c - 4 = 0. Suppose x*b = -3*b. Let m be l(b). Calculate the highest common factor of 84 and m.
12
Suppose -12*x = -4217 + 917. Calculate the greatest common factor of 11 and x.
11
Suppose -74*r + 75*r = -14. Let d be r/7*5*-12. Calculate the greatest common factor of 84 and d.
12
Suppose 11*g - 65*g = 67*g - 5929. What is the greatest common factor of g and 7693?
49
Let f = 32 + 30. Let w = 7358 - 7203. Calculate the highest common factor of w and f.
31
Let z = 5083 - 5038. What is the highest common factor of z and 1635?
15
Suppose -6086 = -2*b - 5*s + 449, 6555 = 2*b + s. Calculate the highest common factor of b and 400.
80
Suppose -39*n = -44*n - 165. Let d be 1392/112 + -2 + n/(-21). What is the highest common divisor of 6 and d?
6
Let w(s) = 3*s**3 + 42*s**2 - 214*s - 5. Let z be w(-17). What is the highest common divisor of z and 792?
24
Suppose 223 = 96*w - 298 + 41. Suppose -254 - 521 = -5*k. What is the greatest common divisor of k and w?
5
Let z be 4296/33 - ((-200)/352 + 12/16). Calculate the highest common factor of z and 20.
10
Let k(x) = -2*x**3 - 11*x**2 + 4*x - 205. Let z be k(-20). Calculate the greatest common divisor of z and 310.
155
Suppose 2*t - 13 - 80 = -5*s, -3*s = -2*t + 53. What is the highest common factor of 1462 and t?
34
Suppose -677 + 6913 - 908 = 36*j. What is the greatest common factor of 280 and j?
4
Suppose -176*w + 180*w - 180 = 0. Let k be (-10)/w - (-145)/45. Calculate the greatest common factor of k and 66.
3
Let d be (-4)/(-3) + (-1184)/(-12) + -6. Let r = 2566 - 1908. Calculate the highest common divisor of r and d.
94
Let b = 16971 - 16953. Let p(c) = -91*c + 10. Let h be p(-8). What is the highest common divisor of b and h?
18
Let j be -1800 + 8991 - 0/(-2)*(-1 - 0). What is the highest common divisor of j and 17?
17
Let z be 214 - (-1)/((-2)/(-4)). Let m be 0 + 3 - (-8 + 2 + 1). Suppose -m*h + 89 = -127. Calculate the highest common divisor of z and h.
27
Suppose 4*r - b - 463 - 334 = 0, 5*b = -2*r + 371. What is the greatest common factor of 6380 and r?
22
Let d be 4 + 1/(-1) + -7 + 3. Let t be 2 + 234/2 + (-1)/d. Suppose 9*z - 6*z - t = 0. Calculate the greatest common factor of z and 100.
20
Let y be -8 + (-7032)/(-18) + (-2)/(-6) - -7. Calculate the highest common divisor of y and 90.
30
Let u = -115 - -111. Let r be (-146)/u + 35/14. What is the highest common divisor of 117 and r?
39
Suppose -3*w + 110 = 2*w. Suppose -1069*l = -3028*l - 2076*l + 1109625. What is the highest common divisor of w and l?
11
Let h = 6 - 79. Let z = 42 + h. Let v = z - -33. Calculate the highest common divisor of 3 and v.
1
Suppose 0 = -4*h - 2*t + 54, -6*h - 4*t = -5*h - 31. Let f(r) = 7*r + 35. Let b be f(6). What is the greatest common factor of b and h?
11
Let b(n) = 17*n + 11. Let v be b(5). Suppose 4*g - 204 = 4*y, -y + v = 2*g + 3*y. Let k = g + -16. Calculate the highest common divisor of 51 and k.
17
Suppose 2883*p - 5*b + 155 = 2888*p, -110 = -2*p + 4*b. What is the greatest common factor of 12623 and p?
13
Suppose 155*z - 16996 = 16633 + 11631. What is the greatest common divisor of 4 and z?
4
Suppose -3*v - 96 = -390. Let p(x) = -x + 9. Let j be p(-6). Suppose 0 = j*i - 139 - 71. What is the highest common divisor of v and i?
14
Let l(y) = -6*y**2 - 5*y - 10. Let j be l(-6). Let q = 326 + j. Suppose -6*g + 4*r + 80 = -2*g, -r = 5*g - q. Calculate the highest common factor of g and 125.
25
Let s(r) = -2*r**3 + 31*r**2 - 7. Let k be s(10). Suppose k = 5*x + 4*i, 0 = -9*x + 4*x - 2*i + 1089. What is the highest common factor of 124 and x?
31
Suppose -h = -5*m - 14, 0 = -0*m - 3*m + 15. Suppose -r + h = 6*u - 2*u, -3*r = -3*u + 33. Calculate the highest common factor of u and 5.
5
Let y(a) = 3*a**2 + 13*a + 30. Let i be y(-6). Suppose 28 - i = -4*m. Calculate the highest common factor of m and 72.
8
Suppose 23*b + 546 - 9631 = 0. Let a = 441 - b. Calculate the greatest common divisor of a and 874.
46
Let h(r) = 47*r**2 + 13*r + 22. Let l be h(-2). Calculate the greatest common factor of 23 and l.
23
Suppose -1358215 = -127*d + 32*d. What is the highest common factor of 51 and d?
17
Suppose 6*u + 15 = u, -5*u = 4*q + 7. Suppose -2*n = 5*i - 0*i - 2409, -n = -q*i + 960. What is the highest common factor of 13 and i?
13
Suppose -28*s = 9556 - 38256. Calculate the greatest common divisor of 1375 and s.
25
Suppose 2*i - 72 = 58. Suppose -3*y = -8*y + i. Suppose -29 = -x + y. Calculate the greatest common divisor of x and 21.
21
Suppose 205 = k + 88. Calculate the greatest common divisor of 333 and k.
9
Let p(y) = -2*y - 4. Let d be p(-5). Let z(q) = 24 + 25*q + 21*q - 47*q. Let s be z(d). What is the highest common divisor of 126 and s?
18
Suppose 0 = -1997*h + 1990*h + 511. What is the greatest common divisor of 18323 and h?
73
Let f(i) = -11*i**3 - 141*i**2 + 29*i + 67. Let g be f(-13). What is the highest common divisor of 740 and g?
4
Suppose -2*i = 4*n - 34, -3*n + 3*i + 3 = -45. What is the highest common divisor of n and 913?
11
Let s = 46 - 21. Suppose -5*l = -s, 0*h + 4*l - 28 = 2*h. Let y be -2 + (17 - (48/(-3))/h). What is the greatest common factor of y and 253?
11
Let v be 1/2*2 - -146. Let b = 915 - 621. Suppose -490 = -8*s + b. What is the highest common divisor of v and s?
49
Let p be (-1)/(-2)*1 + 994/28 + -1. Calculate the highest common divisor of 415 and p.
5
Suppose 2*b - 2*w - 250 = 0, 0 = -5*b + 4*w + 530 + 93. Calculate the highest common factor of b and 1025.
41
Suppose -55*d = 164*d + 110*d - 12831. Calculate the greatest common factor of d and 282.
3
Suppose -621 = -271*o + 85*o + 2169. What is the highest common divisor of 3420 and o?
15
Suppose 5*b - 5*g - 990 = 0, 4*g = -3*b + 318 + 234. What is the highest common factor of 1752 and b?
24
Suppose -5*q = -2*m + 79, -5*q = -m - 73 + 100. Suppose 